{"id":83,"date":"2023-11-11T15:10:14","date_gmt":"2023-11-11T14:10:14","guid":{"rendered":"https:\/\/www.ora4.it\/?page_id=83"},"modified":"2025-11-30T18:29:14","modified_gmt":"2025-11-30T17:29:14","slug":"ora4_cosa_proponiamo_nel_nostro_concerto","status":"publish","type":"page","link":"https:\/\/www.ora4.it\/index.php\/ora4_cosa_proponiamo_nel_nostro_concerto\/","title":{"rendered":"Ora4 &#8211; cosa proponiamo nel nostro concerto"},"content":{"rendered":"\n<h2 class=\"wp-block-heading has-vivid-green-cyan-color has-text-color has-link-color has-content-heading-font-size wp-elements-e74fff923ab51dc2a43dbf39b76775e5\">&#8220;<strong>ORA4 (Acoustic Soul Band) \u2013 LA MUSICA CHE RACCONTA<\/strong>&#8220;<\/h2>\n\n\n\n<p>Ora4 Acoustic Soul Band \u00e8 pi\u00f9 di un semplice concerto: \u00e8 un\u2019esperienza d\u2019ascolto che attraversa i grandi classici del <strong>pop, rock, blues e jazz<\/strong>, reinterpretandoli in chiave <strong>acustica<\/strong> con passione ed eleganza.<\/p>\n\n\n\n<div class=\"wp-block-columns is-layout-flex wp-container-core-columns-is-layout-9c22b1e3 wp-block-columns-is-layout-flex\">\n<div class=\"wp-block-column is-layout-flow wp-block-column-is-layout-flow\" style=\"flex-basis:70%\">\n<p>Con una formazione essenziale ma ricca di sfumature \u2013 <strong>voce, chitarra, basso e percussioni<\/strong> \u2013 diamo nuova vita a successi senza tempo, da <strong>&#8220;Bohemian Rhapsody&#8221; (Queen)<\/strong> a <strong>&#8220;Smooth Operator&#8221; (Sade)<\/strong>, da <strong>&#8220;Knockin&#8217; on Heaven\u2019s Door&#8221; (Bob Dylan)<\/strong> a <strong>&#8220;The Show Must Go On&#8221; (Queen)<\/strong>, fino alle intense atmosfere soul di <strong>&#8220;I&#8217;d Rather Go Blind&#8221; (Etta James)<\/strong> e al fascino latinoamericano di <strong>&#8220;Remedios&#8221; (Gabriella Ferri)<\/strong>.<\/p>\n<\/div>\n\n\n\n<div class=\"wp-block-column is-vertically-aligned-top is-layout-flow wp-block-column-is-layout-flow\" style=\"flex-basis:30%\">\n<figure class=\"wp-block-image size-large\"><img loading=\"lazy\" decoding=\"async\" width=\"1024\" height=\"683\" src=\"https:\/\/www.ora4.it\/wp-content\/uploads\/2025\/11\/DSC09104-2-1024x683.jpg\" alt=\"\" class=\"wp-image-1985\" srcset=\"https:\/\/www.ora4.it\/wp-content\/uploads\/2025\/11\/DSC09104-2-1024x683.jpg 1024w, https:\/\/www.ora4.it\/wp-content\/uploads\/2025\/11\/DSC09104-2-300x200.jpg 300w, https:\/\/www.ora4.it\/wp-content\/uploads\/2025\/11\/DSC09104-2-768x512.jpg 768w, https:\/\/www.ora4.it\/wp-content\/uploads\/2025\/11\/DSC09104-2-1536x1024.jpg 1536w, https:\/\/www.ora4.it\/wp-content\/uploads\/2025\/11\/DSC09104-2-2048x1365.jpg 2048w\" sizes=\"auto, (max-width: 1024px) 100vw, 1024px\" \/><\/figure>\n<\/div>\n<\/div>\n\n\n\n<div class=\"wp-block-columns is-layout-flex wp-container-core-columns-is-layout-9c22b1e3 wp-block-columns-is-layout-flex\">\n<div class=\"wp-block-column is-layout-flow wp-block-column-is-layout-flow\" style=\"flex-basis:30%\">\n<figure class=\"wp-block-image size-large\"><img loading=\"lazy\" decoding=\"async\" width=\"1024\" height=\"738\" src=\"https:\/\/www.ora4.it\/wp-content\/uploads\/2025\/01\/MG_9850-1024x738.jpg\" alt=\"Ora4 foto Gruppo\" class=\"wp-image-1269\" srcset=\"https:\/\/www.ora4.it\/wp-content\/uploads\/2025\/01\/MG_9850-1024x738.jpg 1024w, https:\/\/www.ora4.it\/wp-content\/uploads\/2025\/01\/MG_9850-300x216.jpg 300w, https:\/\/www.ora4.it\/wp-content\/uploads\/2025\/01\/MG_9850-768x554.jpg 768w, https:\/\/www.ora4.it\/wp-content\/uploads\/2025\/01\/MG_9850-1536x1107.jpg 1536w, https:\/\/www.ora4.it\/wp-content\/uploads\/2025\/01\/MG_9850-2048x1477.jpg 2048w\" sizes=\"auto, (max-width: 1024px) 100vw, 1024px\" \/><\/figure>\n<\/div>\n\n\n\n<div class=\"wp-block-column is-vertically-aligned-top is-layout-flow wp-block-column-is-layout-flow\" style=\"flex-basis:70%\">\n<p><strong>Omaggiando le voci femminili<\/strong> che hanno lasciato un segno indelebile nella musica, il nostro repertorio include brani iconici come &#8220;Piece of My Heart&#8221; di <strong>Janis Joplin<\/strong>, simbolo della ribellione e della libert\u00e0 espressiva, &#8220;Back to Black&#8221; di <strong>Amy Winehouse<\/strong>, che rappresenta il dolore e la profondit\u00e0 emotiva, &#8220;Baby Can I Hold You&#8221; di <strong>Tracy Chapman<\/strong>, emblema della delicatezza e della poesia in musica, &#8220;Zombie&#8221; di <strong>Dolores O&#8217;Riordan<\/strong>, manifesto di protesta e resistenza, &#8220;What&#8217;s Up&#8221; di <strong>Linda Perry<\/strong>, inno di autodeterminazione e consapevolezza e &#8220;There Must Be an Angel&#8221; di <strong>Annie Lennox<\/strong>, che incarna la magia e l&#8217;estasi dell&#8217;amore e della spiritualit\u00e0<\/p>\n<\/div>\n<\/div>\n\n\n\n<h2 class=\"wp-block-heading has-foreground-color has-text-color has-link-color has-normal-font-size wp-elements-89368a1af6bbb169552e4c49f4f2766f\"><strong>UN REPERTORIO CHE EMOZIONA<\/strong><\/h2>\n\n\n\n<div class=\"wp-block-columns is-layout-flex wp-container-core-columns-is-layout-9c22b1e3 wp-block-columns-is-layout-flex\">\n<div class=\"wp-block-column is-layout-flow wp-block-column-is-layout-flow\" style=\"flex-basis:70%\">\n<p>Ogni performance \u00e8 un viaggio tra generi e sonorit\u00e0 diverse, come ad esempio:<br><strong>Rock &amp; Pop:<\/strong> <em>Zombie<\/em> (The Cranberries), <em>Seven Nation Army<\/em> (The White Stripes), <em>Roadhouse Blues<\/em> (The Doors), <em>Every Breath You Take<\/em> (The Police), <em>Call Me<\/em> (Blondie).<br><strong>Blues &amp; Soul:<\/strong> <em>Sweet Home Chicago<\/em> (Robert Johnson), <em>Hit the Road Jack<\/em> (Ray Charles), <em>Ain\u2019t No Sunshine<\/em> (Bill Withers), <em>At Last<\/em> (Etta James).<br><strong>Jazz &amp; Swing:<\/strong> <em>It Don&#8217;t Mean A Thing (If It Ain&#8217;t Got That Swing)<\/em>, <em>Autumn Leaves<\/em>.<br><strong>Musica italiana &amp; d&#8217;autore:<\/strong> <em>Fiume Sand Creek<\/em> (De Andr\u00e9), <em>Centro di gravit\u00e0 permanente<\/em> (Battiato), <em>Rimmel<\/em> (De Gregori), <em>Via con me<\/em> (Paolo Conte), <em>Certe Notti<\/em> (Ligabue), <em>La Cura<\/em> (Battiato).<br><strong>Internazionale &amp; World Music:<\/strong> <em>Wish You Were Here<\/em> (Pink Floyd), <em>Corazon Espinado<\/em> (Santana), <em>Three Little Birds<\/em> (Bob Marley), <em>Je Veux<\/em> (Zaz), <em>Beautiful Tango<\/em> (Hind Hakki).<\/p>\n<\/div>\n\n\n\n<div class=\"wp-block-column is-vertically-aligned-top is-layout-flow wp-block-column-is-layout-flow\" style=\"flex-basis:30%\">\n<figure class=\"wp-block-image size-large\"><img loading=\"lazy\" decoding=\"async\" width=\"576\" height=\"1024\" src=\"https:\/\/www.ora4.it\/wp-content\/uploads\/2025\/11\/0511ffc7-4792-41ac-b391-5d3977a8f0c4-1-576x1024.jpeg\" alt=\"\" class=\"wp-image-1967\" srcset=\"https:\/\/www.ora4.it\/wp-content\/uploads\/2025\/11\/0511ffc7-4792-41ac-b391-5d3977a8f0c4-1-576x1024.jpeg 576w, https:\/\/www.ora4.it\/wp-content\/uploads\/2025\/11\/0511ffc7-4792-41ac-b391-5d3977a8f0c4-1-169x300.jpeg 169w, https:\/\/www.ora4.it\/wp-content\/uploads\/2025\/11\/0511ffc7-4792-41ac-b391-5d3977a8f0c4-1-768x1366.jpeg 768w, https:\/\/www.ora4.it\/wp-content\/uploads\/2025\/11\/0511ffc7-4792-41ac-b391-5d3977a8f0c4-1-864x1536.jpeg 864w, https:\/\/www.ora4.it\/wp-content\/uploads\/2025\/11\/0511ffc7-4792-41ac-b391-5d3977a8f0c4-1.jpeg 899w\" sizes=\"auto, (max-width: 576px) 100vw, 576px\" \/><\/figure>\n<\/div>\n<\/div>\n\n\n\n<div class=\"wp-block-columns is-layout-flex wp-container-core-columns-is-layout-9c22b1e3 wp-block-columns-is-layout-flex\">\n<div class=\"wp-block-column is-layout-flow wp-block-column-is-layout-flow\" style=\"flex-basis:30%\">\n<figure class=\"wp-block-image size-full\"><img loading=\"lazy\" decoding=\"async\" width=\"720\" height=\"720\" src=\"https:\/\/www.ora4.it\/wp-content\/uploads\/2024\/11\/SanGiulianoSmall1.jpg\" alt=\"San Giuliano inedito\" class=\"wp-image-1149\" srcset=\"https:\/\/www.ora4.it\/wp-content\/uploads\/2024\/11\/SanGiulianoSmall1.jpg 720w, https:\/\/www.ora4.it\/wp-content\/uploads\/2024\/11\/SanGiulianoSmall1-300x300.jpg 300w, https:\/\/www.ora4.it\/wp-content\/uploads\/2024\/11\/SanGiulianoSmall1-150x150.jpg 150w\" sizes=\"auto, (max-width: 720px) 100vw, 720px\" \/><\/figure>\n<\/div>\n\n\n\n<div class=\"wp-block-column is-vertically-aligned-top is-layout-flow wp-block-column-is-layout-flow\" style=\"flex-basis:70%\">\n<h3 class=\"wp-block-heading\"><strong>Oltre alle cover, i nostri brani inediti<\/strong><\/h3>\n\n\n\n<p>Ora4 non \u00e8 solo reinterpretazione, ma anche <strong>creativit\u00e0 e musica originale<\/strong>.<br>La band propone infatti anche brani inediti, tra cui <strong>&#8220;San Giuliano&#8221;<\/strong> vincitore Contest Suono Ribelle, &#8220;Sogno Cubano&#8221; Vincitore del festival Suono Ribelle, &#8220;Sezione Aurea&#8221; presentata alla Finale band Il Cantagiro 2025 ed altri attualmente in produzione, arricchendo il repertorio con nuove sonorit\u00e0 e testi che raccontano storie ed emozioni inedite.<\/p>\n<\/div>\n<\/div>\n\n\n\n<h3 class=\"wp-block-heading\"><strong><strong>Oltre la musica: immagini e storie<\/strong><\/strong><\/h3>\n\n\n\n<div class=\"wp-block-columns is-layout-flex wp-container-core-columns-is-layout-9c22b1e3 wp-block-columns-is-layout-flex\">\n<div class=\"wp-block-column is-layout-flow wp-block-column-is-layout-flow\" style=\"flex-basis:70%\">\n<p>Ogni brano \u00e8 accompagnato da <strong>una breve introduzione che ne svela la storia e il significato<\/strong>, arricchita da un supporto visivo con immagini e video proiettati.<br>Un tocco originale che trasforma ogni performance in un\u2019esperienza immersiva<\/p>\n<\/div>\n\n\n\n<div class=\"wp-block-column is-vertically-aligned-top is-layout-flow wp-block-column-is-layout-flow\" style=\"flex-basis:30%\">\n<figure class=\"wp-block-image size-large\"><img loading=\"lazy\" decoding=\"async\" width=\"1024\" height=\"768\" src=\"https:\/\/www.ora4.it\/wp-content\/uploads\/2025\/03\/583cd921-a47c-4f00-97b0-e68c7af86679-1024x768.jpeg\" alt=\"Concerto\" class=\"wp-image-1420\" srcset=\"https:\/\/www.ora4.it\/wp-content\/uploads\/2025\/03\/583cd921-a47c-4f00-97b0-e68c7af86679-1024x768.jpeg 1024w, https:\/\/www.ora4.it\/wp-content\/uploads\/2025\/03\/583cd921-a47c-4f00-97b0-e68c7af86679-300x225.jpeg 300w, https:\/\/www.ora4.it\/wp-content\/uploads\/2025\/03\/583cd921-a47c-4f00-97b0-e68c7af86679-768x576.jpeg 768w, https:\/\/www.ora4.it\/wp-content\/uploads\/2025\/03\/583cd921-a47c-4f00-97b0-e68c7af86679-1536x1152.jpeg 1536w, https:\/\/www.ora4.it\/wp-content\/uploads\/2025\/03\/583cd921-a47c-4f00-97b0-e68c7af86679.jpeg 2000w\" sizes=\"auto, (max-width: 1024px) 100vw, 1024px\" \/><\/figure>\n<\/div>\n<\/div>\n\n\n\n<div class=\"wp-block-columns is-layout-flex wp-container-core-columns-is-layout-9c22b1e3 wp-block-columns-is-layout-flex\">\n<div class=\"wp-block-column is-layout-flow wp-block-column-is-layout-flow\" style=\"flex-basis:30%\">\n<figure class=\"wp-block-image size-large\"><img loading=\"lazy\" decoding=\"async\" width=\"1024\" height=\"610\" src=\"https:\/\/www.ora4.it\/wp-content\/uploads\/2025\/01\/MG_9936-1024x610.jpg\" alt=\"Ora4\" class=\"wp-image-1278\" srcset=\"https:\/\/www.ora4.it\/wp-content\/uploads\/2025\/01\/MG_9936-1024x610.jpg 1024w, https:\/\/www.ora4.it\/wp-content\/uploads\/2025\/01\/MG_9936-300x179.jpg 300w, https:\/\/www.ora4.it\/wp-content\/uploads\/2025\/01\/MG_9936-768x458.jpg 768w, https:\/\/www.ora4.it\/wp-content\/uploads\/2025\/01\/MG_9936-1536x915.jpg 1536w, https:\/\/www.ora4.it\/wp-content\/uploads\/2025\/01\/MG_9936-2048x1221.jpg 2048w\" sizes=\"auto, (max-width: 1024px) 100vw, 1024px\" \/><\/figure>\n<\/div>\n\n\n\n<div class=\"wp-block-column is-vertically-aligned-top is-layout-flow wp-block-column-is-layout-flow\" style=\"flex-basis:70%\">\n<h3 class=\"wp-block-heading\"><strong>Versatilit\u00e0 e atmosfera<\/strong><\/h3>\n\n\n\n<p>Dai piccoli locali ai grandi palchi all\u2019aperto, Ora4 si adatta a ogni situazione, creando <strong>un\u2019atmosfera unica e coinvolgente, perfetta per chi ama la musica suonata dal vivo con passione e autenticit\u00e0<\/strong>.<\/p>\n<\/div>\n<\/div>\n\n\n\n<p>\ud83d\udce9<strong>Per contattarci scrivici una mail, ti risponderemo subito:<\/strong> <a href=\"mailto:oraquattro@gmail.com\">oraquattro@gmail.com<\/a><\/p>\n\n\n\n<div class=\"wp-block-file\"><a id=\"wp-block-file--media-57983f60-bffa-450c-a643-f55722df7a0d\" href=\"https:\/\/www.ora4.it\/wp-content\/uploads\/2023\/11\/Ora4Brochure.pdf\">Visualizza la nostra BROCHURE in pdf:  <\/a><a href=\"https:\/\/www.ora4.it\/wp-content\/uploads\/2023\/11\/Ora4Brochure.pdf\" class=\"wp-block-file__button wp-element-button\" download aria-describedby=\"wp-block-file--media-57983f60-bffa-450c-a643-f55722df7a0d\">Download<\/a><\/div>\n\n\n\n<p><\/p>\n\n\n\n<h2 class=\"wp-block-heading has-foreground-color has-text-color has-link-color has-normal-font-size wp-elements-f586c136649f90e16e0f3eb4e66402cb\"><strong>IL PERCHE&#8217; DI QUESTO NOME<\/strong><\/h2>\n\n\n\n<p>Abbiamo un nome semplice, nato per gioco nell&#8217;esigenza di rispondere alle normali richieste di informazioni su di noi, ma rimasto poi tale e che si \u00e8 prestato all\u2019evolversi del numero dei componenti del gruppo.<br>Ora4 non vuol dire altro che &#8220;Adesso siamo in 4!&#8221;: quattro amici appassionati di musica con differenti e interessanti esperienze musicali alle spalle<\/p>\n\n\n\n<p class=\"has-vivid-cyan-blue-color has-text-color has-link-color wp-elements-dbb86ded3052d607793b1d13b6b7e5db\"><strong><a href=\"https:\/\/www.facebook.com\/profile.php?id=100081718082802\" target=\"_blank\" rel=\"noreferrer noopener\">Seguici su Facebook<\/a><\/strong><\/p>\n","protected":false},"excerpt":{"rendered":"<p>&#8220;ORA4 (Acoustic Soul Band) \u2013 LA MUSICA CHE RACCONTA&#8220; Ora4 Acoustic Soul Band \u00e8 pi\u00f9 di un semplice concerto: \u00e8 un\u2019esperienza d\u2019ascolto che attraversa i grandi classici del pop, rock, blues e jazz, reinterpretandoli in chiave acustica con passione ed eleganza. Con una formazione essenziale ma ricca di sfumature \u2013 voce, chitarra, basso e percussioni [&hellip;]<\/p>\n","protected":false},"author":1,"featured_media":1979,"parent":0,"menu_order":0,"comment_status":"closed","ping_status":"closed","template":"","meta":{"footnotes":""},"class_list":["post-83","page","type-page","status-publish","has-post-thumbnail","hentry"],"yoast_head":"<!-- This site is optimized with the Yoast SEO plugin v27.4 - https:\/\/yoast.com\/product\/yoast-seo-wordpress\/ -->\r\n<title>Ora4 - cosa proponiamo nel nostro concerto - Ora4 Acoustic Soul Band<\/title>\r\n<meta name=\"description\" content=\"Ora4 molto pi\u00f9 di un concerto: \u00e8 un\u2019esperienza d\u2019ascolto che attraversa i grandi classici del pop, rock, blues e jazz in chiave acustica\" \/>\r\n<meta name=\"robots\" content=\"index, follow, max-snippet:-1, max-image-preview:large, max-video-preview:-1\" \/>\r\n<link rel=\"canonical\" href=\"https:\/\/www.ora4.it\/index.php\/ora4_cosa_proponiamo_nel_nostro_concerto\/\" \/>\r\n<meta property=\"og:locale\" content=\"it_IT\" \/>\r\n<meta property=\"og:type\" content=\"article\" \/>\r\n<meta property=\"og:title\" content=\"Ora4 - cosa proponiamo nel nostro concerto - Ora4 Acoustic Soul Band\" \/>\r\n<meta property=\"og:description\" content=\"Ora4 molto pi\u00f9 di un concerto: \u00e8 un\u2019esperienza d\u2019ascolto che attraversa i grandi classici del pop, rock, blues e jazz in chiave acustica\" \/>\r\n<meta property=\"og:url\" content=\"https:\/\/www.ora4.it\/index.php\/ora4_cosa_proponiamo_nel_nostro_concerto\/\" \/>\r\n<meta property=\"og:site_name\" content=\"Ora4 Acoustic Soul Band\" \/>\r\n<meta property=\"article:publisher\" content=\"https:\/\/www.facebook.com\/profile.php?id=100091139272835\" \/>\r\n<meta property=\"article:modified_time\" content=\"2025-11-30T17:29:14+00:00\" \/>\r\n<meta property=\"og:image\" content=\"https:\/\/www.ora4.it\/wp-content\/uploads\/2025\/11\/DSC09069-scaled.jpg\" \/>\r\n\t<meta property=\"og:image:width\" content=\"2560\" \/>\r\n\t<meta property=\"og:image:height\" content=\"1707\" \/>\r\n\t<meta property=\"og:image:type\" content=\"image\/jpeg\" \/>\r\n<meta name=\"twitter:card\" content=\"summary_large_image\" \/>\r\n<meta name=\"twitter:label1\" content=\"Tempo di lettura stimato\" \/>\n\t<meta name=\"twitter:data1\" content=\"5 minuti\" \/>\r\n<script type=\"application\/ld+json\" class=\"yoast-schema-graph\">{\"@context\":\"https:\\\/\\\/schema.org\",\"@graph\":[{\"@type\":\"WebPage\",\"@id\":\"https:\\\/\\\/www.ora4.it\\\/index.php\\\/ora4_cosa_proponiamo_nel_nostro_concerto\\\/\",\"url\":\"https:\\\/\\\/www.ora4.it\\\/index.php\\\/ora4_cosa_proponiamo_nel_nostro_concerto\\\/\",\"name\":\"Ora4 - cosa proponiamo nel nostro concerto - Ora4 Acoustic Soul Band\",\"isPartOf\":{\"@id\":\"https:\\\/\\\/www.ora4.it\\\/#website\"},\"primaryImageOfPage\":{\"@id\":\"https:\\\/\\\/www.ora4.it\\\/index.php\\\/ora4_cosa_proponiamo_nel_nostro_concerto\\\/#primaryimage\"},\"image\":{\"@id\":\"https:\\\/\\\/www.ora4.it\\\/index.php\\\/ora4_cosa_proponiamo_nel_nostro_concerto\\\/#primaryimage\"},\"thumbnailUrl\":\"https:\\\/\\\/www.ora4.it\\\/wp-content\\\/uploads\\\/2025\\\/11\\\/DSC09069-scaled.jpg\",\"datePublished\":\"2023-11-11T14:10:14+00:00\",\"dateModified\":\"2025-11-30T17:29:14+00:00\",\"description\":\"Ora4 molto pi\u00f9 di un concerto: \u00e8 un\u2019esperienza d\u2019ascolto che attraversa i grandi classici del pop, rock, blues e jazz in chiave acustica\",\"breadcrumb\":{\"@id\":\"https:\\\/\\\/www.ora4.it\\\/index.php\\\/ora4_cosa_proponiamo_nel_nostro_concerto\\\/#breadcrumb\"},\"inLanguage\":\"it-IT\",\"potentialAction\":[{\"@type\":\"ReadAction\",\"target\":[\"https:\\\/\\\/www.ora4.it\\\/index.php\\\/ora4_cosa_proponiamo_nel_nostro_concerto\\\/\"]}]},{\"@type\":\"ImageObject\",\"inLanguage\":\"it-IT\",\"@id\":\"https:\\\/\\\/www.ora4.it\\\/index.php\\\/ora4_cosa_proponiamo_nel_nostro_concerto\\\/#primaryimage\",\"url\":\"https:\\\/\\\/www.ora4.it\\\/wp-content\\\/uploads\\\/2025\\\/11\\\/DSC09069-scaled.jpg\",\"contentUrl\":\"https:\\\/\\\/www.ora4.it\\\/wp-content\\\/uploads\\\/2025\\\/11\\\/DSC09069-scaled.jpg\",\"width\":2560,\"height\":1707},{\"@type\":\"BreadcrumbList\",\"@id\":\"https:\\\/\\\/www.ora4.it\\\/index.php\\\/ora4_cosa_proponiamo_nel_nostro_concerto\\\/#breadcrumb\",\"itemListElement\":[{\"@type\":\"ListItem\",\"position\":1,\"name\":\"Home\",\"item\":\"https:\\\/\\\/www.ora4.it\\\/\"},{\"@type\":\"ListItem\",\"position\":2,\"name\":\"Ora4 &#8211; cosa proponiamo nel nostro concerto\"}]},{\"@type\":\"WebSite\",\"@id\":\"https:\\\/\\\/www.ora4.it\\\/#website\",\"url\":\"https:\\\/\\\/www.ora4.it\\\/\",\"name\":\"Ora4 Acoustic Soul Band\",\"description\":\"Un viaggio tra vari generi musicali pop-rock-blues-jazz.. in acustico - Voce Chitarra Basso Percussioni\",\"publisher\":{\"@id\":\"https:\\\/\\\/www.ora4.it\\\/#organization\"},\"potentialAction\":[{\"@type\":\"SearchAction\",\"target\":{\"@type\":\"EntryPoint\",\"urlTemplate\":\"https:\\\/\\\/www.ora4.it\\\/?s={search_term_string}\"},\"query-input\":{\"@type\":\"PropertyValueSpecification\",\"valueRequired\":true,\"valueName\":\"search_term_string\"}}],\"inLanguage\":\"it-IT\"},{\"@type\":\"Organization\",\"@id\":\"https:\\\/\\\/www.ora4.it\\\/#organization\",\"name\":\"Ora4 Acoustic Soul Band\",\"url\":\"https:\\\/\\\/www.ora4.it\\\/\",\"logo\":{\"@type\":\"ImageObject\",\"inLanguage\":\"it-IT\",\"@id\":\"https:\\\/\\\/www.ora4.it\\\/#\\\/schema\\\/logo\\\/image\\\/\",\"url\":\"https:\\\/\\\/www.ora4.it\\\/wp-content\\\/uploads\\\/2023\\\/11\\\/logo.png\",\"contentUrl\":\"https:\\\/\\\/www.ora4.it\\\/wp-content\\\/uploads\\\/2023\\\/11\\\/logo.png\",\"width\":591,\"height\":660,\"caption\":\"Ora4 Acoustic Soul Band\"},\"image\":{\"@id\":\"https:\\\/\\\/www.ora4.it\\\/#\\\/schema\\\/logo\\\/image\\\/\"},\"sameAs\":[\"https:\\\/\\\/www.facebook.com\\\/profile.php?id=100091139272835\",\"https:\\\/\\\/open.spotify.com\\\/intl-it\\\/artist\\\/4nKV4l1rMhKxEGVkJNcINj?si=AjY-CPirQvmEGbErSDm9Yw\",\"https:\\\/\\\/www.instagram.com\\\/oraquattro\\\/\",\"https:\\\/\\\/www.youtube.com\\\/@Ora4AcousticSoulBand\"]}]}<\/script>\r\n<!-- \/ Yoast SEO plugin. -->","yoast_head_json":{"title":"Ora4 - cosa proponiamo nel nostro concerto - Ora4 Acoustic Soul Band","description":"Ora4 molto pi\u00f9 di un concerto: \u00e8 un\u2019esperienza d\u2019ascolto che attraversa i grandi classici del pop, rock, blues e jazz in chiave acustica","robots":{"index":"index","follow":"follow","max-snippet":"max-snippet:-1","max-image-preview":"max-image-preview:large","max-video-preview":"max-video-preview:-1"},"canonical":"https:\/\/www.ora4.it\/index.php\/ora4_cosa_proponiamo_nel_nostro_concerto\/","og_locale":"it_IT","og_type":"article","og_title":"Ora4 - cosa proponiamo nel nostro concerto - Ora4 Acoustic Soul Band","og_description":"Ora4 molto pi\u00f9 di un concerto: \u00e8 un\u2019esperienza d\u2019ascolto che attraversa i grandi classici del pop, rock, blues e jazz in chiave acustica","og_url":"https:\/\/www.ora4.it\/index.php\/ora4_cosa_proponiamo_nel_nostro_concerto\/","og_site_name":"Ora4 Acoustic Soul Band","article_publisher":"https:\/\/www.facebook.com\/profile.php?id=100091139272835","article_modified_time":"2025-11-30T17:29:14+00:00","og_image":[{"width":2560,"height":1707,"url":"https:\/\/www.ora4.it\/wp-content\/uploads\/2025\/11\/DSC09069-scaled.jpg","type":"image\/jpeg"}],"twitter_card":"summary_large_image","twitter_misc":{"Tempo di lettura stimato":"5 minuti"},"schema":{"@context":"https:\/\/schema.org","@graph":[{"@type":"WebPage","@id":"https:\/\/www.ora4.it\/index.php\/ora4_cosa_proponiamo_nel_nostro_concerto\/","url":"https:\/\/www.ora4.it\/index.php\/ora4_cosa_proponiamo_nel_nostro_concerto\/","name":"Ora4 - cosa proponiamo nel nostro concerto - Ora4 Acoustic Soul Band","isPartOf":{"@id":"https:\/\/www.ora4.it\/#website"},"primaryImageOfPage":{"@id":"https:\/\/www.ora4.it\/index.php\/ora4_cosa_proponiamo_nel_nostro_concerto\/#primaryimage"},"image":{"@id":"https:\/\/www.ora4.it\/index.php\/ora4_cosa_proponiamo_nel_nostro_concerto\/#primaryimage"},"thumbnailUrl":"https:\/\/www.ora4.it\/wp-content\/uploads\/2025\/11\/DSC09069-scaled.jpg","datePublished":"2023-11-11T14:10:14+00:00","dateModified":"2025-11-30T17:29:14+00:00","description":"Ora4 molto pi\u00f9 di un concerto: \u00e8 un\u2019esperienza d\u2019ascolto che attraversa i grandi classici del pop, rock, blues e jazz in chiave acustica","breadcrumb":{"@id":"https:\/\/www.ora4.it\/index.php\/ora4_cosa_proponiamo_nel_nostro_concerto\/#breadcrumb"},"inLanguage":"it-IT","potentialAction":[{"@type":"ReadAction","target":["https:\/\/www.ora4.it\/index.php\/ora4_cosa_proponiamo_nel_nostro_concerto\/"]}]},{"@type":"ImageObject","inLanguage":"it-IT","@id":"https:\/\/www.ora4.it\/index.php\/ora4_cosa_proponiamo_nel_nostro_concerto\/#primaryimage","url":"https:\/\/www.ora4.it\/wp-content\/uploads\/2025\/11\/DSC09069-scaled.jpg","contentUrl":"https:\/\/www.ora4.it\/wp-content\/uploads\/2025\/11\/DSC09069-scaled.jpg","width":2560,"height":1707},{"@type":"BreadcrumbList","@id":"https:\/\/www.ora4.it\/index.php\/ora4_cosa_proponiamo_nel_nostro_concerto\/#breadcrumb","itemListElement":[{"@type":"ListItem","position":1,"name":"Home","item":"https:\/\/www.ora4.it\/"},{"@type":"ListItem","position":2,"name":"Ora4 &#8211; cosa proponiamo nel nostro concerto"}]},{"@type":"WebSite","@id":"https:\/\/www.ora4.it\/#website","url":"https:\/\/www.ora4.it\/","name":"Ora4 Acoustic Soul Band","description":"Un viaggio tra vari generi musicali pop-rock-blues-jazz.. in acustico - Voce Chitarra Basso Percussioni","publisher":{"@id":"https:\/\/www.ora4.it\/#organization"},"potentialAction":[{"@type":"SearchAction","target":{"@type":"EntryPoint","urlTemplate":"https:\/\/www.ora4.it\/?s={search_term_string}"},"query-input":{"@type":"PropertyValueSpecification","valueRequired":true,"valueName":"search_term_string"}}],"inLanguage":"it-IT"},{"@type":"Organization","@id":"https:\/\/www.ora4.it\/#organization","name":"Ora4 Acoustic Soul Band","url":"https:\/\/www.ora4.it\/","logo":{"@type":"ImageObject","inLanguage":"it-IT","@id":"https:\/\/www.ora4.it\/#\/schema\/logo\/image\/","url":"https:\/\/www.ora4.it\/wp-content\/uploads\/2023\/11\/logo.png","contentUrl":"https:\/\/www.ora4.it\/wp-content\/uploads\/2023\/11\/logo.png","width":591,"height":660,"caption":"Ora4 Acoustic Soul Band"},"image":{"@id":"https:\/\/www.ora4.it\/#\/schema\/logo\/image\/"},"sameAs":["https:\/\/www.facebook.com\/profile.php?id=100091139272835","https:\/\/open.spotify.com\/intl-it\/artist\/4nKV4l1rMhKxEGVkJNcINj?si=AjY-CPirQvmEGbErSDm9Yw","https:\/\/www.instagram.com\/oraquattro\/","https:\/\/www.youtube.com\/@Ora4AcousticSoulBand"]}]}},"_links":{"self":[{"href":"https:\/\/www.ora4.it\/index.php\/wp-json\/wp\/v2\/pages\/83","targetHints":{"allow":["GET"]}}],"collection":[{"href":"https:\/\/www.ora4.it\/index.php\/wp-json\/wp\/v2\/pages"}],"about":[{"href":"https:\/\/www.ora4.it\/index.php\/wp-json\/wp\/v2\/types\/page"}],"author":[{"embeddable":true,"href":"https:\/\/www.ora4.it\/index.php\/wp-json\/wp\/v2\/users\/1"}],"replies":[{"embeddable":true,"href":"https:\/\/www.ora4.it\/index.php\/wp-json\/wp\/v2\/comments?post=83"}],"version-history":[{"count":51,"href":"https:\/\/www.ora4.it\/index.php\/wp-json\/wp\/v2\/pages\/83\/revisions"}],"predecessor-version":[{"id":2099,"href":"https:\/\/www.ora4.it\/index.php\/wp-json\/wp\/v2\/pages\/83\/revisions\/2099"}],"wp:featuredmedia":[{"embeddable":true,"href":"https:\/\/www.ora4.it\/index.php\/wp-json\/wp\/v2\/media\/1979"}],"wp:attachment":[{"href":"https:\/\/www.ora4.it\/index.php\/wp-json\/wp\/v2\/media?parent=83"}],"curies":[{"name":"wp","href":"https:\/\/api.w.org\/{rel}","templated":true}]}}